 1524 is divided by 75?
24
What is the remainder when 16128 is divided by 109?
105
What is the remainder when 330730 is divided by 66146?
0
Calculate the remainder when 4186 is divided by 219.
25
Calculate the remainder when 93385 is divided by 18672.
25
Calculate the remainder when 63258 is divided by 197.
21
Calculate the remainder when 23627 is divided by 5902.
19
What is the remainder when 2862 is divided by 427?
300
Calculate the remainder when 1038 is divided by 14.
2
What is the remainder when 2034 is divided by 97?
94
Calculate the remainder when 208 is divided by 30.
28
What is the remainder when 2988 is divided by 16?
12
Calculate the remainder when 13014 is divided by 1852.
50
Calculate the remainder when 872251 is divided by 528.
523
What is the remainder when 642707 is divided by 66?
65
Calculate the remainder when 25134 is divided by 63.
60
Calculate the remainder when 406439 is divided by 135477.
8
What is the remainder when 6424 is divided by 6404?
20
Calculate the remainder when 100799 is divided by 64.
63
What is the remainder when 24650 is divided by 1169?
101
Calculate the remainder when 1376945 is divided by 50.
45
What is the remainder when 41997 is divided by 16?
13
What is the remainder when 94416 is divided by 1628?
1620
What is the remainder when 71918 is divided by 71902?
16
What is the remainder when 71734 is divided by 2049?
19
What is the remainder when 3249 is divided by 148?
141
Calculate the remainder when 2423 is divided by 121.
3
Calculate the remainder when 17230 is divided by 17175.
55
What is the remainder when 636138 is divided by 133?
132
Calculate the remainder when 425 is divided by 15.
5
Calculate the remainder when 873889 is divided by 79444.
5
Calculate the remainder when 6348 is divided by 660.
408
What is the remainder when 6771 is divided by 288?
147
What is the remainder when 2894 is divided by 680?
174
What is the remainder when 93951 is divided by 10431?
72
What is the remainder when 273023 is divided by 128?
127
Calculate the remainder when 1287 is divided by 146.
119
What is the remainder when 2660 is divided by 142?
104
Calculate the remainder when 36388 is divided by 200.
188
What is the remainder when 3206 is divided by 103?
13
What is the remainder when 23717 is divided by 1031?
4
What is the remainder when 27344 is divided by 1059?
869
What is the remainder when 52303 is divided by 174?
103
Calculate the remainder when 73299 is divided by 77.
72
What is the remainder when 21027 is divided by 171?
165
What is the remainder when 3857 is divided by 35?
7
Calculate the remainder when 77910 is divided by 222.
210
Calculate the remainder when 2596 is divided by 331.
279
What is the remainder when 100218 is divided by 1474?
1460
What is the remainder when 7985 is divided by 795?
35
What is the remainder when 173165 is divided by 8?
5
Calculate the remainder when 4228 is divided by 623.
490
Calculate the remainder when 184873 is divided by 87.
85
Calculate the remainder when 202788 is divided by 18.
0
Calculate the remainder when 1683 is divided by 36.
27
What is the remainder when 337334 is divided by 167?
161
What is the remainder when 7124 is divided by 43?
29
Calculate the remainder when 357994 is divided by 178994.
6
Calculate the remainder when 19824 is divided by 19819.
5
Calculate the remainder when 21236 is divided by 50.
36
Calculate the remainder when 3763 is divided by 127.
80
Calculate the remainder when 121388 is divided by 299.
293
What is the remainder when 32458 is divided by 63?
13
Calculate the remainder when 2865 is divided by 418.
357
Calculate the remainder when 103642 is divided by 150.
142
Calculate the remainder when 210214 is divided by 105.
4
What is the remainder when 363441 is divided by 20191?
3
Calculate the remainder when 27466 is divided by 2243.
550
Calculate the remainder when 1633 is divided by 644.
345
Calculate the remainder when 8761 is divided by 4.
1
What is the remainder when 11652 is divided by 188?
184
What is the remainder when 1235005 is divided by 46?
43
What is the remainder when 23762 is divided by 193?
23
Calculate the remainder when 190645 is divided by 82.
77
What is the remainder when 3453 is divided by 71?
45
What is the remainder when 7466 is divided by 3720?
26
Calculate the remainder when 26256 is divided by 160.
16
Calculate the remainder when 915 is divided by 204.
99
What is the remainder when 19601 is divided by 6533?
2
Calculate the remainder when 21748 is divided by 21747.
1
Calculate the remainder when 34743 is divided by 43.
42
Calculate the remainder when 3307 is divided by 3298.
9
What is the remainder when 2148 is divided by 24?
12
Calculate the remainder when 114191 is divided by 3683.
18
What is the remainder when 5066 is divided by 36?
26
What is the remainder when 22858 is divided by 994?
990
Calculate the remainder when 61279 is divided by 10203.
61
What is the remainder when 161991 is divided by 145?
26
What is the remainder when 1559 is divided by 134?
85
Calculate the remainder when 421641 is divided by 12.
9
Calculate the remainder when 412890 is divided by 262.
240
Calculate the remainder when 20430 is divided by 40.
30
Calculate the remainder when 137254 is divided by 203.
26
What is the remainder when 12076 is divided by 3378?
1942
What is the remainder when 5813 is divided by 490?
423
Calculate the remainder when 227577 is divided by 19.
14
What is the remainder when 333659 is divided by 21?
11
What is the remainder when 33014 is divided by 219?
164
What is the remainder when 1402 is divided by 79?
59
Calculate the remainder when 1857 is divided by 132.
9
Calculate the remainder when 116829 is divided by 54.
27
What is the remainder when 587744 is divided by 45211?
1
What is the remainder when 41009 is divided by 20499?
11
What is the remainder when 14518 is divided by 27?
19
What is the remainder when 49853 is divided by 44?
1
What is the remainder when 86122 is divided by 125?
122
What is the remainder when 9242 is divided by 17?
11
What is the remainder when 9434 is divided by 1568?
26
What is the remainder when 16887 is divided by 1876?
3
What is the remainder when 281238 is divided by 20?
18
Calculate the remainder when 6746 is divided by 3263.
220
What is the remainder when 1060 is divided by 59?
57
Calculate the remainder when 2050 is divided by 1939.
111
Calculate the remainder when 14678 is divided by 341.
15
Calculate the remainder when 290044 is divided by 22.
18
What is the remainder when 4761 is divided by 475?
11
Calculate the remainder when 4331 is divided by 4325.
6
What is the remainder when 11778 is divided by 733?
50
What is the remainder when 41573 is divided by 249?
239
Calculate the remainder when 39603 is divided by 26.
5
What is the remainder when 36867 is divided by 9210?
27
What is the remainder when 23420 is divided by 7?
5
What is the remainder when 31565 is divided by 926?
81
Calculate the remainder when 35324 is divided by 642.
14
What is the remainder when 19794 is divided by 4?
2
Calculate the remainder when 175190 is divided by 698.
690
Calculate the remainder when 199034 is divided by 2140.
14
What is the remainder when 2201 is divided by 59?
18
What is the remainder when 105945 is divided by 35309?
18
Calculate the remainder when 10745 is divided by 10.
5
What is the remainder when 22200 is divided by 740?
0
What is the remainder when 5240 is divided by 48?
8
What is the remainder when 15799 is divided by 5050?
649
What is the remainder when 25547 is divided by 3647?
18
Calculate the remainder when 229148 is divided by 20830.
18
Calculate the remainder when 818500 is divided by 5764.
12
What is the remainder when 173731 is divided by 87?
79
What is the remainder when 100087 is divided by 256?
247
What is the remainder when 110793 is divided by 1477?
18
Calculate the remainder when 16815 is divided by 10.
5
Calculate the remainder when 14016 is divided by 13990.
26
Calculate the remainder when 51563 is divided by 25693.
177
What is the remainder when 7629 is divided by 18?
15
What is the remainder when 15087 is divided by 833?
93
What is the remainder when 1747 is divided by 1620?
127
Calculate the remainder when 1161 is divided by 848.
313
What is the remainder when 9782 is d